. Calculate r(-1).
-207
Let q(x) = 145*x**2 + 318*x + 3. Calculate q(-2).
-53
Let i(k) = 180*k - 1008. Determine i(3).
-468
Let n(k) = -k**3 - 11*k**2 - 10*k - 11. Calculate n(-5).
-111
Let n(r) = 19*r**2 - 36*r + 63. Give n(2).
67
Let l(k) = k**3 - 73*k**2 + 339*k - 46. What is l(68)?
-114
Let b(n) = 21*n - 86. Give b(4).
-2
Let h(l) = 2*l**3 + 43*l**2 - 13*l + 6. Determine h(-22).
-192
Let x(y) = -5*y**2 - 8*y + 2. What is x(3)?
-67
Let g(s) = 600*s - 22191. Calculate g(37).
9
Let q(a) = 95*a - 2022. Determine q(22).
68
Let i(f) = -27*f - 273. Give i(-11).
24
Let t(f) = 2*f**3 - 10*f**2 - 51*f + 247. Give t(6).
13
Let p(j) = -35*j - 69. Determine p(-6).
141
Let k(v) = 2*v**2 + 64*v + 149. Calculate k(-4).
-75
Let u(h) = -h**3 - 27*h**2 + 17*h - 36. Calculate u(-28).
272
Let s(p) = p**3 - 3*p**2 + 5*p - 9. Determine s(3).
6
Let o(b) = b**3 - 9*b**2 + 14*b + 29. What is o(4)?
5
Let o(g) = -215*g - 62. Determine o(1).
-277
Let l(z) = z**3 + 34*z**2 - 79*z - 278. Calculate l(-36).
-26
Let g(a) = 197*a**2 - 108*a - 106. Give g(-1).
199
Let o(a) = -52*a - 29. What is o(5)?
-289
Let p(o) = -3*o**2 + 70*o + 90. Give p(25).
-35
Let n(w) = 2*w**3 + 108*w**2 - 110*w - 16. Give n(-55).
-16
Let t(q) = -7*q**3 - 16*q**2 + 155*q + 3. What is t(-6)?
9
Let d(g) = -8*g**2 + 108*g + 76. Give d(14).
20
Let n(k) = k**2 - k - 7. Determine n(-2).
-1
Let k(n) = n**3 + 60*n**2 + 849*n - 53. What is k(-23)?
-7
Let m(h) = -h**3 - 3*h**2 + 771*h - 772. Calculate m(1).
-5
Let m(n) = -2*n**2 + 21*n + 92. Calculate m(0).
92
Let m(x) = -x**2 - 121*x + 5829. Determine m(37).
-17
Let v(l) = -8*l - 201. What is v(-23)?
-17
Let z(a) = a**3 + 30*a**2 + 76*a - 9. Give z(-27).
126
Let n(v) = v**3 - 21*v**2 + 88*v + 33. Determine n(15).
3
Let o(h) = 4*h**3 - 23*h**2 + 122*h + 2. Calculate o(4).
378
Let k(l) = -109*l**3 + l**2 - 9*l - 8. Give k(-1).
111
Let j(q) = -207*q - 8058. Calculate j(-39).
15
Let w(y) = -11758*y + 23512. Calculate w(2).
-4
Let q(h) = -11*h**3 + 518*h**2 - 49*h + 103. Determine q(47).
9
Let m(c) = -77*c - 3523. Calculate m(-45).
-58
Let j(f) = -2*f**3 + 49*f**2 - 34*f + 241. Determine j(24).
1
Let q(m) = 2*m**3 + 97*m**2 + 609*m - 185. Calculate q(-41).
61
Let n(h) = 2*h**3 + 9*h**2 + 7*h + 19. Give n(-4).
7
Let l(m) = -232*m**3 - 1394*m**2 - 12*m + 12. Determine l(-6).
12
Let i(k) = -52*k + 982. Give i(19).
-6
Let b(c) = 3*c**2 - 209*c + 30. Determine b(70).
100
Let w(r) = 2*r**2 - 68. Calculate w(-6).
4
Let v(y) = -1344*y + 1438. Determine v(1).
94
Let c(a) = 185*a - 1526. Give c(7).
-231
Let b(c) = -46*c**2 - 84*c + 17. Calculate b(-2).
1
Let t(b) = -10*b - 155. Give t(-11).
-45
Let a(x) = 188*x + 13731. Give a(-73).
7
Let a(r) = -3*r**2 - 104*r + 117. What is a(-33)?
282
Let m(v) = -9*v**2 + 13*v + 7. Calculate m(8).
-465
Let m(o) = -75*o - 887. Determine m(-11).
-62
Let u(t) = t**2 + 43*t - 26. Give u(-43).
-26
Let o(n) = -2*n**2 - 59*n - 468. Calculate o(-19).
-69
Let w(g) = -g**2 - 115*g + 1288. Give w(10).
38
Let g(r) = -2*r**3 - 192*r**2 + 136*r - 5631. What is g(-97)?
-5
Let k(i) = -i**3 + 12*i**2 + 10*i + 231. Calculate k(14).
-21
Let w(d) = -3*d**2 - 14*d - 26. What is w(-5)?
-31
Let i(a) = 107*a - 114. Determine i(2).
100
Let q(j) = j**3 - 10*j**2 + 23*j - 112. Give q(9).
14
Let r(z) = 25*z**2 + 157*z + 56. Calculate r(-7).
182
Let u(j) = 48*j**2 + 6146*j + 230. Calculate u(-128).
-26
Let u(n) = n**3 + 27*n**2 - 50*n + 31. Give u(-29).
-201
Let r(n) = 2*n**3 + 5*n**2 + 19*n + 24. What is r(-2)?
-10
Let h(z) = -z**3 + 21*z**2 + 4*z + 947. What is h(23)?
-19
Let q(b) = -4*b**3 - 3*b**2 + 129*b - 256. What is q(2)?
-42
Let p(v) = -2*v**2 + 7*v + 123. What is p(-6)?
9
Let a(k) = -k**3 - 14*k**2 - 16*k - 23. Determine a(-13).
16
Let h(j) = 19*j - 1337. What is h(75)?
88
Let b(y) = -81*y + 12051. Determine b(149).
-18
Let f(o) = o - 9. Calculate f(-8).
-17
Let n(j) = j**2 + 546*j - 15464. What is n(27)?
7
Let h(x) = 3317*x - 19827. What is h(6)?
75
Let m(a) = a**2 + 25*a + 73. Determine m(-5).
-27
Let k(w) = -11*w**3 - 36*w**2 - 3*w + 23. Determine k(-3).
5
Let a(x) = -4*x + 330. What is a(-17)?
398
Let v(z) = z**3 + 19*z**2 - 220*z - 3808. What is v(-21)?
-70
Let h(f) = -f**3 + 32*f**2 + 8*f - 113. Calculate h(33).
-938
Let p(b) = b**3 - 21*b**2 + 73*b - 31. Determine p(4).
-11
Let a(f) = 2*f**3 + 8*f**2 + 2*f + 14. Give a(-4).
6
Let v(b) = b**3 - 16*b**2 - b - 17. What is v(16)?
-33
Let b(u) = -3*u**3 + 9*u**2 + 3*u + 14. Determine b(0).
14
Let u(n) = n**3 + n**2 + 496*n + 1478. Calculate u(-3).
-28
Let h(v) = 245*v + 466. What is h(-2)?
-24
Let n(z) = -3*z + 20. Determine n(24).
-52
Let c(n) = 14*n**2 + 109*n + 2. What is c(-8)?
26
Let m(c) = -c**3 + 22*c**2 - 18*c + 51. Give m(22).
-345
Let f(i) = -2*i**3 + 62*i**2 - 119*i + 94. Determine f(29).
7
Let u(c) = -2*c**3 - 19*c**2 - 23*c - 24. Calculate u(-5).
-134
Let y(o) = 7*o**3 + 4*o**2 - 5*o - 17. Calculate y(-2).
-47
Let p(j) = -1756*j + 3516. Determine p(2).
4
Let k(z) = -14*z**3 - 7*z**2 - 16*z - 23. Determine k(-2).
93
Let r(s) = -27*s**2 - 22*s + 6. Determine r(0).
6
Let w(l) = -l**3 + 5*l**2 - 60*l + 699. Determine w(9).
-165
Let w(t) = -2*t**3 + 15*t**2 + 103*t - 778. Determine w(8).
-18
Let h(i) = -2*i**2 - 84*i + 3811. Determine h(27).
85
Let z(v) = 21*v + 175. Give z(-10).
-35
Let i(u) = -2*u**2 + 52*u - 239. Calculate i(6).
1
Let j(b) = 7*b**2 - 459*b + 251. Determine j(65).
-9
Let q(j) = -j**2 + 21*j + 45. What is q(-4)?
-55
Let h(p) = -p**3 - 33*p**2 + 133*p - 16. What is h(4)?
-76
Let h(i) = -75*i + 4240. Determine h(54).
190
Let o(k) = 7*k**2 - 233*k + 75. Calculate o(33).
9
Let x(w) = -720*w + 350. What is x(0)?
350
Let l(z) = z**2 - 3*z - 1. What is l(2)?
-3
Let i(p) = 11*p**2 + 218*p - 216. What is i(1)?
13
Let w(s) = -6*s**3 - 6*s**2 - s + 5. Calculate w(-3).
116
Let y(m) = -179*m + 24. Determine y(0).
24
Let g(n) = -n**3 + 17*n**2 + 34*n + 22. What is g(19)?
-54
Let m(y) = -y**3 - 10*y**2 + 310*y + 74. Determine m(-24).
698
Let s(h) = -h**3 + 27*h**2 + 19*h + 93. Determine s(27).
606
Let u(k) = -63*k + 3962. Calculate u(63).
-7
Let x(i) = i**3 + 10*i**2 - 50*i + 356. Give x(-15).
-19
Let v(h) = -h**2 + 36*h - 177. What is v(30)?
3
Let i(z) = -1473*z - 54507. Determine i(-37).
-6
Let t(n) = 110*n - 13942. Give t(127).
28
Let i(m) = m**2 - 11*m - 616. Give i(31).
4
Let r(z) = -35*z - 1937. Determine r(-52).
-117
Let u(h) = -h**3 + 25*h**2 - 24*h + 617. Determine u(25).
17
Let y(z) = 14*z - 64. Calculate y(5).
6
Let g(o) = o**3 - 25*o**2 - 23*o - 104. Determine g(26).
-26
Let t(j) = 45*j**2 + 436*j + 2. Determine t(-10).
142
Let d(f) = 120*f + 2808. Calculate d(-25).
-192
Let x(n) = n**2 - 10*n - 15. Calculate x(10).
-15
Let c(t) = 3*t**2 - 179*t + 1533. Determine c(50).
83
Let g(n) = -1813*n + 16359. What is g(9)?
42
Let q(j) = j**3 - 100*j**2 - 94*j - 707. Give q(101).
0
Let r(z) = -5*z**2 - 11*z - 5. Calculate r(-2).
-3
Let a(i) = -2007*i + 1969. Give a(1).
-38
Let f(g) = g**3 - 46*g**2 - 96*g + 20. Calculate f(48).
20
Let l(m) = -11*m**2 - 49*m. Give l(-6).
-102
Let n(h) = -98*h - 411. What is n(-10)?
569
Let z(g) = 6*g**2 + 5*g - 56. Calculate z(4).
60
Let i(l) = -l**3 - 25*l**2 - 11*l + 301. Give i(-24).
-11
Let d(h) = 246*h - 708. Determine d(3).
30
Let o(t) = -t**2 - 16*t + 88. What is o(-20)?
8
Let j(a) = -31*a**3 - 743*a**2 + 28*a + 113. Calculate j(-24).
17
Let t(a) = 5*a**3 - a**2 + 7*a + 7. Give t(-2).
-51
Let d(p) = 8*p**2 - 18*p - 36. What is d(-2)?
32
Let l(o) = -o**3 + 13*o**2 + 265*o + 7. Give l(24).
31
Let s(p) = -89*p**2 - 15397*p. Give s(-173).
0
Let j(g) = -37*g + 4202. Give j(116).
-90
Let x(m) = -7*m**2 + 54*m - 103. What is x(11)?
-356
Let d(l) = 2*l**3 - 46*l**2 + 144*l + 23. Calculate d(19).
-129
Let l(i) = -i**3 - 269*i**2 - 2331*i + 2334. Give l(-260).
-6
Let b(r) = -9*r**2 - 50*r - 58. Calculate b(-4).
-2
Let z(f) = 7*f**2 + 42*f - 202. Determine z(-9).
-13
Let o(p) = p**3 - 7*p**2 - 10*p - 3. What is o(8)?
-19
Let m(y) = -y**3 + 8*y + 114. Determine m(6).
-54
Let d(b) = 33*b**2 - 130*b - 4. Calculate d(4).
4
Let s(t) = -251*t + 4650. Determine s(18).
132
Let p(h) = 312*h - 895. What is p(3)?
41
Let m(q) = -131*q**2 - q + 7. Calculate m(-2).
-515
Let u(l) = 2*l**2 - 94*l - 5517. Calculate u(-34).
-9
Let u(r) = 20*r**3 + 16*r**2 - 25*r + 1. Determ